 + 67. Let s be 0/(-2*(-2)/(-4)). Calculate the remainder when u(s) is divided by (630/(-12))/(-3)*4/2.
32
Suppose -4 = -4*a + 4. Suppose -a*u - 4*h = 16, 5*h + 26 = -5*u - 14. What is the remainder when (46 - 2)*u/(-16) is divided by 5?
2
Suppose -73*t = -45*t - 308. Calculate the remainder when 17 is divided by t.
6
Suppose -5*h - 108 = -3*p, 164 = 5*p + 3*h - 6*h. Let u(t) = -t + 94. Calculate the remainder when u(6) is divided by p.
26
Let l be (-2)/5 - (-315)/(-25). Suppose -5*m + 147 = -2*v - 128, -v - 220 = -4*m. Let a = l + m. Calculate the remainder when a is divided by 11.
9
Let c(d) = -d + 7. Let k be c(0). Suppose 22 = 4*l + 2*t - 50, -k = -l + 5*t. Suppose 25 - 7 = 2*p. Calculate the remainder when l is divided by p.
8
Let x = 11 - -37. Suppose 0 = 3*v - 3*r - x - 18, 5*r + 34 = v. Let i(w) = -15*w - 4. What is the remainder when i(-4) is divided by v?
18
Suppose 0 = -4*h - 5*q + 193 + 119, 0 = 5*q. What is the remainder when 227 is divided by h?
71
What is the remainder when 76/(-684) + (-2 - 5320/(-9)) is divided by 5?
4
Suppose -4*p = -3*z + 16, 23 = 4*z + 7. Let f = p + 7. Suppose -3*c - f = -12. What is the remainder when 4 is divided by c?
0
What is the remainder when 16 is divided by (115/46)/((-1)/(-4))?
6
Suppose -4*g + 2*c = 20, -4*g - 8 = c + 12. Let j(d) = -22*d - 11. Calculate the remainder when j(g) is divided by 50.
49
Suppose 0 = 2*j - 3*s - 691, -4*s - 1055 + 363 = -2*j. Calculate the remainder when j is divided by 23.
22
Let u(o) = 69*o**3 - 4*o**2 - 2*o + 4. Calculate the remainder when 197 is divided by u(1).
63
Let h(m) = -m**3 - 7*m**2 + 8*m + 3. Let w be h(-8). Suppose 0 = w*b - 3 - 6. What is the remainder when b is divided by 0 + 3 - (3 - 3)?
0
Calculate the remainder when 190 is divided by (72 - (-6)/2) + -2.
44
Suppose -61*k + 480 = -49*k. Calculate the remainder when 78 is divided by k.
38
Let z(i) = 7*i**2 - 5*i + 2. Let j be z(2). Suppose 5*f + j = 240. What is the remainder when f is divided by 12?
8
Let n = -22 + 37. Suppose 0 = -83*q + 85*q + 254. Let f = -69 - q. What is the remainder when f is divided by n?
13
Let j(m) = -m**2 - 8*m + 9. Let b be j(-9). Suppose -3*g + 10*g - 287 = b. What is the remainder when 79 is divided by g?
38
Suppose 0 = -16*s + 31*s - 405. What is the remainder when 37 is divided by s?
10
Let a(n) = -2*n + 168. What is the remainder when a(33) is divided by 27?
21
Let o = 1057 - 941. Calculate the remainder when 347 is divided by o.
115
Suppose 6*x + 171 = 543. Calculate the remainder when 60 is divided by (x/2)/(2 - 0 - 1).
29
Suppose -s + 5*s + x = 72, -2*s + 36 = 2*x. Suppose 750*q = 751*q - s. Calculate the remainder when q is divided by 0 + -1 + 22/2.
8
Let j(k) = -2*k**2 - 22*k - 1. What is the remainder when j(-8) is divided by (-96)/(-10) + (-2)/(-5)?
7
What is the remainder when 171 is divided by (44/(-16) - -3)/((-2)/(-344))?
42
Let j be ((-40)/(-50))/((-2)/(-5)). Let d(c) = 2*c**2 + 25 - 27 + 0*c**2 + j*c. What is the remainder when d(-5) is divided by 10?
8
Let y(q) = q**3 + 32*q**2 - 9. Let n be y(-32). Let d(p) = -p**3 - 6*p**2 + 22*p - 5. Let b(l) = -5*l - 1. What is the remainder when d(n) is divided by b(-3)?
12
Let j = -194 - -221. Calculate the remainder when j is divided by 22.
5
Suppose 0 = 4*s + 181 + 299. Let f = -89 - s. What is the remainder when 121 is divided by f?
28
Let a = 101 - -118. Let h = a - 75. Suppose -z - 4*z = -3*d - 148, 5*z + d = h. Calculate the remainder when z is divided by 8.
5
Let x = 40 + -35. Suppose -x*i - 25 = 0, -4 = -d + 3*i + 29. What is the remainder when d is divided by 1/(-1) + (-33)/(-3)?
8
Suppose 3*w = -r, 6*r = r - 4*w - 11. Let b be -3 + (-3 - (r - -7)). What is the remainder when 38 is divided by (0 + b)/(2/(-4))?
18
Let l(i) = 4*i**2 - 2*i - 1. Suppose 20273*a = 20248*a + 525. Calculate the remainder when a is divided by l(-2).
2
Let u = 33 - 33. Suppose u*s + 4*s = 60. Let b = 2 + 57. Calculate the remainder when b is divided by s.
14
Let r(j) = 7*j - 166. What is the remainder when r(28) is divided by 21?
9
Let i(o) = -2*o**2 - 17*o + 15. What is the remainder when 204 is divided by i(-8)?
20
Suppose -b - 116 = -132. Let a = 33 + b. What is the remainder when a is divided by 11?
5
Let q = 533 + -517. Calculate the remainder when 28 is divided by q.
12
Let l(w) = -w**2 + 8*w + 3. Suppose 3*c = 13*c + 70. Let x(p) = -p**3 - 8*p**2 - 12*p + 24. Calculate the remainder when x(c) is divided by l(7).
9
Let r(l) = -l**3 - 2*l**2 + 4*l - 3. Suppose -353*j = -351*j - 16. Calculate the remainder when r(-4) is divided by j.
5
Suppose -9*f - 341 = 37. Let m = -38 - f. Calculate the remainder when m is divided by 2.
0
Suppose -5*r + 10 = 0, 3*y + 3*r = 2*r + 38. Suppose -10*w = -y*w + 146. What is the remainder when w is divided by 25?
23
Suppose -39 = -5*t - 4*g, 5*g = 5*t - 5 - 70. What is the remainder when 449 is divided by t?
9
Suppose 2*r + 4*f - 54 = 0, 2*f - 5*f = 3*r - 93. What is the remainder when 204/3 + 6/(-6) is divided by r?
32
Suppose -420 = -64*v + 43*v. What is the remainder when 61 is divided by v?
1
What is the remainder when 144 is divided by 2701/74 - (1 - (-10)/(-4))?
30
Let m(y) = y**2 - 6*y - 52. Let t be m(-6). What is the remainder when 26 is divided by (-9*1)/(-1)*(t - 19)?
8
Suppose 0 = -2*n - 3*z + 80, 5*n + 2*z - 120 = 2*n. Calculate the remainder when 122 is divided by n.
2
Let d(u) = -6*u**3 - 3*u**2 - u. Calculate the remainder when 109 is divided by d(-2).
33
Suppose 0 = 13*k - 13 - 0. Let z(i) = -1 + 8*i + 3*i + 0. What is the remainder when 37 is divided by z(k)?
7
Suppose 3*y = 54 + 234. What is the remainder when 191 is divided by y?
95
Let b(x) = -x**3 - 9*x**2 - 8*x + 8. Suppose 3*y - 3 = 3. Let k be (-12)/(y - (-3)/(-6)). What is the remainder when 30 is divided by b(k)?
6
Let k(t) = t**2 - 10*t + 3. Suppose 5*l - 57 - 3 = 0. Let p = 303 - 196. Calculate the remainder when p is divided by k(l).
26
Let c = -373 - -746. Calculate the remainder when c is divided by 47.
44
Suppose 5*w + 5*z - 30 = 0, -76*w = -71*w - 2*z - 9. Calculate the remainder when 107 is divided by w.
2
Suppose -5*h - 2*p = -196, -h + p + 25 + 10 = 0. Let r = h - 27. Suppose -10*d + 11*d = 30. Calculate the remainder when d is divided by r.
8
Suppose -5*z - 4 + 14 = 0. Suppose 148 - 8 = z*o. What is the remainder when o is divided by 24?
22
Suppose i = -150 + 177. Suppose 2*p + 5*q = 25, -34 = -3*p + q - 5*q. Calculate the remainder when i is divided by p.
7
Suppose -24 = 9*a - 105. Calculate the remainder when 42 is divided by a.
6
Suppose -11 = -5*c + 3*y - 136, 4*y + 90 = -5*c. Let w = 50 + c. What is the remainder when 109 is divided by w?
25
Suppose 8 = -3*d - 4, -s + 2*d + 56 = 0. Calculate the remainder when 129 is divided by s.
33
Let v(u) = 5*u + 209. What is the remainder when 114 is divided by v(-36)?
27
Let c(u) = 25*u + 178. Let f(n) = n**3 - 8*n**2 + 2*n - 6. Calculate the remainder when c(-6) is divided by f(8).
8
Calculate the remainder when 138 is divided by (2 - (-6 - -13)) + 36/6.
0
Suppose 2*i - 26 = 12. What is the remainder when i/2 + (-3)/(-6) is divided by (-1 - -4)/(10 + 222/(-24))?
2
Let f = -9 + 58. Suppose -4*k - 21 = -7*k. Suppose c + 4*a + k = 0, 77 = 4*c - 5*a - 0*a. What is the remainder when f is divided by c?
10
What is the remainder when (-95*5/(-2))/(2/4) is divided by 53?
51
Suppose 7*p + 43 = 169. Suppose w = 82 - 11. What is the remainder when w is divided by p?
17
Let k = 58 - -36. What is the remainder when k is divided by 5?
4
Let t(l) = 3*l**2 + 2*l - 10*l**2 - 825 + l**3 + 840. What is the remainder when t(7) is divided by 5?
4
Let x(l) = -l**3 + 8*l**2 - 5*l - 2. Let v be x(5). Suppose 4*z - 184 = 4*g - v, z + 4*g = 49. Calculate the remainder when z is divided by 15.
7
Let f(k) = -k**3 + 4*k**2 + 5*k + 11. Let x = 10 - 6. Let i(o) = -o**3 + 4*o**2 + o + 1. Let g be i(x). What is the remainder when f(g) is divided by 4?
3
Let j be (-48)/(-1)*(-2)/3. Let r = -10 - j. What is the remainder when 62 is divided by r?
18
Let h be (-3 - -5)/2*-2. Calculate the remainder when 298/6 + h/(-6) is divided by 17.
16
Suppose 5*j - 514 = 556. Calculate the remainder when j is divided by 77.
60
Let y = 49 - 29. Calculate the remainder when 80 - ((-1)/2*(-12)/2)/1 is divided by 